ate the remainder when 10844 is divided by 774.
8
Calculate the remainder when 80 is divided by 37.
6
Calculate the remainder when 378 is divided by 140.
98
Calculate the remainder when 1115 is divided by 28.
23
Calculate the remainder when 928 is divided by 36.
28
What is the remainder when 1156 is divided by 13?
12
What is the remainder when 34 is divided by 19?
15
Calculate the remainder when 624 is divided by 159.
147
What is the remainder when 180 is divided by 62?
56
Calculate the remainder when 151 is divided by 26.
21
Calculate the remainder when 248 is divided by 197.
51
Calculate the remainder when 173 is divided by 18.
11
What is the remainder when 3090 is divided by 11?
10
What is the remainder when 73 is divided by 38?
35
What is the remainder when 769 is divided by 97?
90
What is the remainder when 3316 is divided by 79?
77
Calculate the remainder when 1331 is divided by 120.
11
What is the remainder when 310 is divided by 155?
0
Calculate the remainder when 234 is divided by 80.
74
What is the remainder when 459 is divided by 14?
11
Calculate the remainder when 254 is divided by 82.
8
What is the remainder when 280 is divided by 87?
19
Calculate the remainder when 500 is divided by 174.
152
What is the remainder when 51894 is divided by 26?
24
What is the remainder when 300 is divided by 46?
24
Calculate the remainder when 4415 is divided by 92.
91
Calculate the remainder when 5711 is divided by 119.
118
What is the remainder when 192 is divided by 100?
92
What is the remainder when 779 is divided by 218?
125
Calculate the remainder when 1176 is divided by 305.
261
What is the remainder when 102 is divided by 28?
18
Calculate the remainder when 6510 is divided by 19.
12
What is the remainder when 2535 is divided by 6?
3
What is the remainder when 2541 is divided by 24?
21
What is the remainder when 40823 is divided by 25?
23
Calculate the remainder when 2144 is divided by 65.
64
What is the remainder when 440 is divided by 49?
48
Calculate the remainder when 2485 is divided by 734.
283
Calculate the remainder when 23187 is divided by 34.
33
What is the remainder when 8465 is divided by 102?
101
Calculate the remainder when 1259 is divided by 12.
11
Calculate the remainder when 4345 is divided by 106.
105
Calculate the remainder when 1602 is divided by 76.
6
Calculate the remainder when 99 is divided by 54.
45
What is the remainder when 1075 is divided by 77?
74
What is the remainder when 789 is divided by 10?
9
What is the remainder when 3984 is divided by 75?
9
Calculate the remainder when 9282 is divided by 22.
20
What is the remainder when 2261 is divided by 84?
77
Calculate the remainder when 267 is divided by 75.
42
What is the remainder when 753 is divided by 644?
109
Calculate the remainder when 2413 is divided by 186.
181
Calculate the remainder when 152 is divided by 51.
50
What is the remainder when 62 is divided by 22?
18
Calculate the remainder when 104 is divided by 4.
0
What is the remainder when 277 is divided by 99?
79
Calculate the remainder when 44 is divided by 10.
4
What is the remainder when 4298 is divided by 239?
235
What is the remainder when 413 is divided by 84?
77
Calculate the remainder when 319 is divided by 39.
7
What is the remainder when 230 is divided by 19?
2
Calculate the remainder when 103 is divided by 8.
7
Calculate the remainder when 731 is divided by 241.
8
Calculate the remainder when 130 is divided by 45.
40
What is the remainder when 184 is divided by 37?
36
What is the remainder when 3034 is divided by 92?
90
What is the remainder when 678 is divided by 18?
12
Calculate the remainder when 586 is divided by 31.
28
What is the remainder when 388 is divided by 11?
3
Calculate the remainder when 1035 is divided by 14.
13
What is the remainder when 114 is divided by 73?
41
Calculate the remainder when 13519 is divided by 14.
9
What is the remainder when 135 is divided by 34?
33
Calculate the remainder when 279 is divided by 22.
15
Calculate the remainder when 1393 is divided by 178.
147
Calculate the remainder when 333 is divided by 24.
21
Calculate the remainder when 100 is divided by 54.
46
What is the remainder when 449 is divided by 69?
35
Calculate the remainder when 211 is divided by 53.
52
What is the remainder when 3076 is divided by 1021?
13
What is the remainder when 1495 is divided by 107?
104
What is the remainder when 454 is divided by 18?
4
What is the remainder when 1176 is divided by 118?
114
Calculate the remainder when 244 is divided by 13.
10
What is the remainder when 974 is divided by 165?
149
What is the remainder when 8065 is divided by 26?
5
What is the remainder when 324 is divided by 47?
42
What is the remainder when 2782 is divided by 2782?
0
Calculate the remainder when 509 is divided by 85.
84
Calculate the remainder when 963 is divided by 36.
27
What is the remainder when 3076 is divided by 38?
36
Calculate the remainder when 2688 is divided by 298.
6
Calculate the remainder when 169 is divided by 123.
46
Calculate the remainder when 305 is divided by 138.
29
What is the remainder when 1398 is divided by 56?
54
What is the remainder when 4354 is divided by 9?
7
Calculate the remainder when 1460 is divided by 15.
5
What is the remainder when 113 is divided by 13?
9
What is the remainder when 146 is divided by 15?
11
Calculate the remainder when 1095 is divided by 90.
15
What is the remainder when 37 is divided by 27?
10
Calculate the remainder when 79 is divided by 14.
9
What is the remainder when 340 is divided by 114?
112
Calculate the remainder when 154 is divided by 52.
50
What is the remainder when 7006 is divided by 143?
142
What is the remainder when 932 is divided by 381?
170
What is the remainder when 387 is divided by 15?
12
Calculate the remainder when 1436 is divided by 49.
15
What is the remainder when 698 is divided by 34?
18
What is the remainder when 140 is divided by 99?
41
What is the remainder when 259 is divided by 48?
19
What is the remainder when 3581 is divided by 7?
4
What is the remainder when 1856 is divided by 33?
8
Calculate the remainder when 89 is divided by 31.
27
What is the remainder when 17755 is divided by 9?
7
What is the remainder when 173 is divided by 89?
84
What is the remainder when 78 is divided by 70?
8
Calculate the remainder when 352 is divided by 285.
67
Calculate the remainder when 153 is divided by 43.
24
What is the remainder when 704 is divided by 80?
64
What is the remainder when 58 is divided by 21?
16
Calculate the remainder when 59 is divided by 44.
15
Calculate the remainder when 59 is divided by 30.
29
What is the remainder when 466 is divided by 53?
42
What is the remainder when 924 is divided by 26?
14
What is the remainder when 3482 is divided by 347?
12
Calculate the remainder when 318 is divided by 158.
2
What is the remainder when 142 is divided by 56?
30
Calculate the remainder when 627 is divided by 192.
51
What is the remainder when 112 is divided by 14?
0
Calculate the remainder when 339 is divided by 187.
152
What is the remainder when 593 is divided by 100?
93
Calculate the remainder when 244 is divided by 134.
110
Calculate the remainder when 808 is divided by 90.
88
What is the remainder when 153 is divided by 86?
67
Calculate the remainder when 11285 is divided by 11.
10
What is the remainder when 944 is divided by 930?
14
What is the remainder when 232 is divided by 15?
7
Calculate the remainder when 797 is divided by 87.
14
Calculate the remainder when 177 is divided by 46.
39
What is the remainder when 343 is divided by 25?
18
Calculate the remainder when 213 is divided by 167.
46
Calculate the remainder when 445 is divided by 65.
55
Calculate the remainder when 118 is divided by 21.
13
Calculate the remainder when 8743 is divided by 2908.
19
Calculate the remainder when 5399 is divided by 25.
24
What is the remainder when 200 is divided by 196?
4
What is the remainder when 1198 is divided by 48?
46
What is the remainder when 296 is divided by 10?
6
What is the remainder when 45 is divided by 44?
1
What is the remainder when 25463 is divided by 24?
23
What is the remainder when 1272 is divided by 85?
82
Calculate the remainder when 165 is divided by 58.
49
Calculate the remainder when